11 a factor of 11814?
True
Is 10571237 a multiple of 16?
False
Is 128 a factor of 112384?
True
Is 33 a factor of 188673?
False
Is 449760 a multiple of 120?
True
Is 8 a factor of 11710?
False
Is 5244935 a multiple of 37?
True
Does 982 divide 5967339?
False
Is 13 a factor of 336024?
True
Is 7259 a multiple of 119?
True
Is 512858 a multiple of 88?
False
Does 48 divide 2667?
False
Is 5 a factor of 169738?
False
Is 87964 a multiple of 433?
False
Is 26 a factor of 288681?
False
Does 2 divide 17500?
True
Is 10895062 a multiple of 137?
True
Is 3971352 a multiple of 44?
True
Does 157 divide 172072?
True
Does 90 divide 109385?
False
Does 4 divide 5440?
True
Is 116690 a multiple of 504?
False
Is 278914 a multiple of 388?
False
Is 18 a factor of 2764854?
True
Is 37 a factor of 257256?
False
Is 538917 a multiple of 40?
False
Is 12 a factor of 862872?
True
Is 10061234 a multiple of 19?
False
Is 98 a factor of 3590716?
False
Does 11 divide 150931?
True
Is 35 a factor of 16834716?
False
Does 125 divide 854250?
True
Does 1098 divide 7009632?
True
Does 21 divide 285411?
True
Is 33 a factor of 12349152?
False
Is 901 a factor of 714752?
False
Does 831 divide 10208835?
True
Is 3630 a multiple of 330?
True
Does 101 divide 551736?
False
Does 281 divide 348159?
True
Is 410 a factor of 653540?
True
Does 16 divide 7167864?
False
Is 413 a factor of 683928?
True
Is 8 a factor of 657640?
True
Does 123 divide 10671983?
False
Is 98924 a multiple of 22?
False
Is 28 a factor of 3718403?
False
Is 31 a factor of 549894?
False
Is 705 a factor of 1495080?
False
Is 14 a factor of 2285332?
True
Is 197 a factor of 10748?
False
Is 17 a factor of 208212?
False
Is 63 a factor of 88011?
True
Does 28 divide 69468?
True
Is 732 a factor of 5568056?
False
Is 444256 a multiple of 259?
False
Does 87 divide 141027?
True
Is 11879063 a multiple of 23?
True
Is 279680 a multiple of 920?
True
Is 101311 a multiple of 353?
True
Is 295512 a multiple of 28?
True
Does 313 divide 987140?
False
Is 234 a factor of 4663132?
False
Is 749 a factor of 4436922?
False
Is 360 a factor of 388440?
True
Is 675 a factor of 801311?
False
Does 292 divide 9860095?
False
Does 23 divide 349671?
False
Does 16 divide 84172?
False
Is 1763985 a multiple of 55?
False
Is 12 a factor of 12252?
True
Does 14 divide 706881?
False
Is 417857 a multiple of 286?
False
Is 31 a factor of 3414061?
True
Is 144 a factor of 392832?
True
Does 26 divide 1573990?
False
Does 22 divide 5434?
True
Does 127 divide 3981958?
True
Is 122 a factor of 718030?
False
Does 48 divide 318444?
False
Is 67 a factor of 18492?
True
Is 146440 a multiple of 280?
True
Is 343566 a multiple of 427?
False
Does 46 divide 11091198?
True
Does 188 divide 423637?
False
Does 499 divide 409631?
False
Is 50616 a multiple of 114?
True
Is 12 a factor of 358225?
False
Does 56 divide 7224?
True
Does 51 divide 104193?
True
Does 19 divide 38551?
True
Does 8 divide 438705?
False
Is 1100 a factor of 2259361?
False
Is 145 a factor of 53618?
False
Does 8 divide 465680?
True
Does 16 divide 596630?
False
Does 119 divide 124236?
True
Is 155227 a multiple of 397?
True
Does 2 divide 179892?
True
Is 990130 a multiple of 40?
False
Is 16 a factor of 239992?
False
Does 21 divide 15920?
False
Is 139041 a multiple of 6?
False
Does 3 divide 216936?
True
Does 140 divide 573445?
False
Does 14 divide 4587855?
False
Is 68073 a multiple of 143?
False
Is 24 a factor of 68939?
False
Does 217 divide 68781?
False
Does 11 divide 241725?
True
Is 490707 a multiple of 57?
False
Is 9 a factor of 72558?
True
Does 37 divide 190752?
False
Does 11 divide 1259075?
False
Is 119 a factor of 2261411?
False
Is 10193191 a multiple of 483?
False
Does 9 divide 109743?
False
Does 132 divide 1114344?
True
Is 20 a factor of 225341?
False
Is 233 a factor of 3711042?
False
Is 888 a factor of 346320?
True
Is 75 a factor of 15831361?
False
Is 19747 a multiple of 7?
True
Is 29083 a multiple of 229?
True
Does 145 divide 1135182?
False
Does 2 divide 351536?
True
Is 1293444 a multiple of 732?
True
Is 358835 a multiple of 30?
False
Is 39 a factor of 255217?
False
Is 1827019 a multiple of 199?
True
Does 244 divide 2872612?
True
Does 11 divide 70983?
True
Does 40 divide 12986731?
False
Does 123 divide 27921615?
True
Is 14 a factor of 184926?
True
Is 265 a factor of 788640?
True
Does 57 divide 3543972?
False
Does 44 divide 288332?
True
Is 120 a factor of 481440?
True
Is 38036 a multiple of 148?
True
Is 66351 a multiple of 487?
False
Is 72 a factor of 180288?
True
Does 343 divide 1218855?
False
Does 5 divide 118958?
False
Does 10 divide 32318?
False
Is 20 a factor of 1074607?
False
Is 39917 a multiple of 3?
False
Is 1713989 a multiple of 333?
False
Does 224 divide 651209?
False
Does 18 divide 87509?
False
Is 495361 a multiple of 69?
False
Is 74 a factor of 504285?
False
Does 73 divide 65554?
True
Is 12667 a multiple of 16?
False
Is 20 a factor of 478840?
True
Is 1196155 a multiple of 19?
False
Does 5 divide 62156?
False
Is 1354152 a multiple of 12?
True
Is 4089516 a multiple of 32?
False
Is 651687 a multiple of 379?
False
Is 93 a factor of 208701?
False
Is 159280 a multiple of 110?
True
Is 31101 a multiple of 260?
False
Is 3232470 a multiple of 1007?
True
Does 26 divide 99566?
False
Is 2 a factor of 877691?
False
Does 127 divide 1061863?
False
Does 29 divide 212843?
False
Does 126 divide 62118?
True
Is 96 a factor of 100128?
True
Is 378 a factor of 3716957?
False
Is 1500684 a multiple of 256?
False
Does 104 divide 4257393?
False
Is 16119 a multiple of 37?
False
Is 8 a factor of 221112?
True
Is 207 a factor of 203983?
False
Is 3 a factor of 74906?
False
Is 27 a factor of 461970?
True
Is 693747 a multiple of 36?
False
Does 187 divide 62832?
True
Is 10600250 a multiple of 125?
True
Does 80 divide 2659856?
False
Does 11 divide 1181059?
True
Is 176 a factor of 556655?
False
Is 215757 a multiple of 131?
True
Does 168 divide 59889?
False
Is 10 a factor of 106170?
True
Is 152970 a multiple of 24?
False
Is 51 a factor of 124593?
True
Does 15 divide 156270?
True
Is 367 a factor of 8513299?
True
Does 15 divide 2771895?
True
Is 1695900 a multiple of 12?
True
Is 84 a factor of 91476?
True
Is 27 a factor of 1219067?
False
Does 87 divide 5863278?
True
Is 37 a factor of 115829?
False
Does 30 divide 106121?
False
Is 1977087 a multiple of 31?
True
Is 194 a factor of 206881?
False
Does 95 divide 216315?
True
Does 12 divide 48936?
True
Is 198 a factor of 250668?
True
Is 7798 a multiple of 10?
False
Is 39 a factor of 155378?
False
Is 7 a factor of 8332947?
True
Is 156338 a multiple of 402?
False
Is 469644 a multiple of 20?
False
Is 1381 a factor of 607704?
False
Is 90 a factor of 407848?
False
Does 1126 divide 2087604?
True
Is 88 a factor of 362120?
True
Does 17 divide 17600?
False
Is 335 a factor of 99495?
True
Does 825 divide 5618726?
False
Is 26 a factor of 83457?
False
Does 331 divide 17816220?
False
Is 3618988 a multiple of 8?
False
Is 3149066 a multiple of 118?
True
Is 8 a factor of 85352?
True
Is 9315254 a multiple of 26?
True
Is 6711260 a multiple of 170?
True
Does 1779 divide 9410986?
False
Is 459 a factor of 19012826?
False
Is 423936 a multiple of 149?
False
Is 334800 a multiple of 240?
True
Does 14 divide 166262?
False
Does 482 divide 18317675?
False
Does 1032 divide 982260?
False
Is 4 a factor of 43156?
True
Is 1419 a factor of 2111472?
True
Is 2457112 a multiple of 89?
True
Does 11 divide 193765?
True
Does 12 divide 41220?
True
Does 141 divide 2119794?
True
Is 251 a factor of 317705?
False
Is 1061 a factor of 3781863?
False
Does 73 divide 2068064?
False
Does 10 divide 865878?
False
Is 64 a factor of 156241?
False
Is 16 a factor of 1306512?
True
Does 537 divide 330792?
True
Is 2888662 a multiple of 161?
True
Does 53 divide 1667672?
False
Is 5 a factor of 58059?
False
Is 84331 a multiple of 12?
False
Is 17 a factor of 915858?
True
Does 48 divide 68016?
True
Does 19 divide 67070?
True
Is 189 a factor of 6450096?
False
Is 1096197 a multiple of 232?
False
Is 521 a factor of 8284716?
False
Is 12155 a multiple of 1105?
True
Is 10 a factor of 395170?
True
Does 16 divide 500413?
False
Does 3 divide 2733?
True
Does 232 divide 948785?
False
Does 27 divide 6692?
False
Does 72 divide 27686?
False
Does 24 divide 2071317?
False
Does 10 divide 405363?
False